 -1000000110010110 (base 2) in base 15?
-9c69
-1737144 (base 8) to base 5
-112214432
Convert 1031012011 (base 4) to base 8.
1150605
What is 11110100000000000 (base 2) in base 11?
85951
258796 (base 10) to base 14
6a456
Convert 266529 (base 10) to base 15.
53e89
Convert 7267884 (base 9) to base 16.
3b4172
225505510 (base 6) to base 10
4192530
112323111 (base 4) to base 13
3398a
What is 3861740 (base 9) in base 5?
1014414123
-1a678 (base 14) to base 2
-10000011001000010
What is 7e798 (base 16) in base 10?
518040
10402111 (base 5) to base 2
10110001100011010
What is 3301232032 (base 4) in base 11?
616966
Convert 156223 (base 7) to base 15.
92aa
13ddbd (base 14) to base 13
1b2962
What is cb18 (base 15) in base 5?
2333443
-60532150 (base 8) to base 2
-110000101011010001101000
Convert 4526781 (base 9) to base 14.
476c89
-519905 (base 10) to base 8
-1767341
Convert -10312203331 (base 4) to base 7.
-13545430
7995a6 (base 13) to base 2
1010111110010110110110
Convert -63827 (base 11) to base 14.
-25b92
What is 120201102110 (base 3) in base 6?
10344233
Convert -3d9e0d (base 16) to base 8.
-17317015
What is 104177 (base 9) in base 7?
346045
What is -2344241323 (base 5) in base 10?
-5462088
What is -2401e5 (base 15) in base 4?
-12210111122
What is d55601 (base 14) in base 8?
33353741
2210221311 (base 4) to base 2
10100100101001110101
1114143444 (base 5) to base 6
125214031
-32004444 (base 5) to base 10
-266249
Convert -22be60 (base 15) to base 7.
-20053500
-503440 (base 7) to base 13
-2ca88
Convert -1000021 (base 3) to base 13.
-448
Convert 11512203 (base 8) to base 11.
1477684
Convert 223d5a (base 14) to base 2.
100011100000001001100
Convert -20946 (base 10) to base 14.
-78c2
-1100011100 (base 3) to base 13
-bcca
What is -213023 (base 4) in base 6?
-15335
-2535425 (base 7) to base 4
-1100030102
128fd (base 16) to base 11
52138
What is 2651318 (base 10) in base 11?
1550a7a
What is 17c7c7 (base 16) in base 13?
427495
What is -113022332 (base 4) in base 6?
-2011222
Convert -2252414 (base 6) to base 15.
-2453a
-1200434 (base 8) to base 10
-327964
What is 10274817 (base 10) in base 12?
35360a9
Convert -101111110101010000010010 (base 2) to base 10.
-12538898
Convert -26602222 (base 7) to base 12.
-9a45ba
What is 10056501 (base 7) in base 15?
1183bc
111110000001001010100 (base 2) to base 12
820070
What is 2201011021211 (base 3) in base 15?
1d69e1
What is 6a64ea (base 15) in base 2?
10011011001001011011110
-61603 (base 9) to base 12
-1b5a0
Convert -10020303 (base 4) to base 13.
-7938
-b32a98 (base 16) to base 7
-201542536
What is -4365 (base 12) in base 16?
-1cfd
What is -21231100 (base 4) in base 14?
-106c0
-1024b2b (base 13) to base 14
-915a75
Convert -4715 (base 16) to base 8.
-43425
What is -12100112121100 (base 3) in base 16?
-2b6947
Convert 14343573 (base 10) to base 5.
12132443243
100100111100100111101100 (base 2) to base 15
cb4b8e
-e455 (base 15) to base 10
-48230
-1222210210112 (base 3) to base 13
-2b10a5
Convert 7bb5 (base 16) to base 4.
13232311
-323776 (base 8) to base 11
-74605
-10000010110000101101 (base 2) to base 13
-159a2a
-110011121102 (base 3) to base 14
-63431
Convert 2101221122011 (base 3) to base 2.
100111000000111000000
What is -1110012001100 (base 3) in base 7?
-6361512
Convert -120035213 (base 7) to base 10.
-7420913
Convert 6dba52 (base 14) to base 3.
21001221210020
Convert -11000001101110011101 (base 2) to base 9.
-1438427
What is 10b5b27 (base 14) in base 11?
4552548
Convert 85700 (base 10) to base 4.
110323010
-c5301 (base 14) to base 5
-110202201
Convert 11110001100010101101011 (base 2) to base 3.
112220010010221
What is 1210161 (base 7) in base 8?
454234
Convert -200313120230 (base 4) to base 3.
-121012201012102
-4231443 (base 6) to base 8
-623163
-110011100000111110 (base 2) to base 8
-634076
-2232418 (base 13) to base 3
-201201210102121
What is -264073 (base 9) in base 2?
-100111001010111110
-452002154 (base 6) to base 9
-16405617
What is -151611054 (base 7) in base 11?
-5781144
Convert 12c72c (base 13) to base 8.
1572500
Convert -1143342 (base 6) to base 14.
-18022
What is -3118325 (base 11) in base 16?
-53f1e5
What is -317438 (base 9) in base 13?
-68147
-c574 (base 15) to base 10
-41734
-1000101000010010010 (base 2) to base 9
-470788
101000100111011111010 (base 2) to base 3
2111121201000
-3145354 (base 7) to base 2
-1011101000101001011
1b476 (base 15) to base 7
516531
What is -497334 (base 13) in base 7?
-20641542
811f89 (base 16) to base 14
11a3c81
-693337 (base 10) to base 6
-22505521
Convert 1100121201200 (base 3) to base 16.
aff8f
33155140 (base 7) to base 10
2854180
What is 83683 (base 10) in base 2?
10100011011100011
What is b660 (base 13) in base 11?
17a83
What is 125670 (base 12) in base 9?
506333
Convert -1100134 (base 6) to base 8.
-152332
-114912 (base 10) to base 13
-403c5
Convert -2031230113 (base 4) to base 12.
-23ba47
What is -64743 (base 16) in base 10?
-411459
What is -2385442 (base 9) in base 8?
-4744214
Convert -4837375 (base 9) to base 13.
-70b029
Convert -532264 (base 8) to base 11.
-111261
What is -1212112122 (base 3) in base 4?
-20333231
365148 (base 13) to base 6
43442043
Convert -424420 (base 6) to base 2.
-1000011110011100
What is -40332341 (base 6) in base 2?
-100011000001010000101
Convert 72222770 (base 8) to base 11.
8696883
Convert 1571431 (base 9) to base 13.
2478a3
Convert -39ba8 (base 14) to base 15.
-2c233
-4354221 (base 6) to base 3
-102001012011
-7912249 (base 10) to base 2
-11110001011101100111001
-d4d42 (base 14) to base 8
-1751736
Convert 110101010111100001 (base 2) to base 6.
4404001
14c6a (base 16) to base 14
23026
13034142 (base 5) to base 10
127422
What is 1a99 (base 15) in base 9?
7820
What is 730753 (base 9) in base 13?
1224c0
18828305 (base 9) to base 10
9526091
Convert -172660 (base 8) to base 11.
-43289
Convert 4338c0 (base 13) to base 11.
989323
What is 222002222122 (base 3) in base 2?
1111101011110001111
Convert -e66d (base 16) to base 9.
-88823
What is 321be (base 16) in base 14?
54b26
21222301310 (base 4) to base 8
11526164
Convert 215351a (base 13) to base 4.
212310023013
Convert -1755550 (base 8) to base 11.
-32195a
34a56a6 (base 12) to base 4
212302332132
Convert 7322b (base 12) to base 3.
21122122222
-1a331 (base 15) to base 5
-10210341
4245001 (base 7) to base 6
15014414
5512457 (base 9) to base 15
3d744a
110010100010000001101011 (base 2) to base 7
220410512
Convert -192155 (base 16) to base 2.
-110010010000101010101
73d26 (base 16) to base 11
2a4479
What is 4107657 (base 8) in base 6?
35132451
Convert 684172 (base 9) to base 15.
8167e
-111103313 (base 4) to base 12
-4261b
What is -364197 (base 13) in base 12?
-525046
Convert -111201212011 (base 3) to base 16.
-42013
33011032110 (base 4) to base 14
74cb2c
Convert 50c0d8 (base 15) to base 11.
2191258
Convert -3ac899 (base 16) to base 7.
-44513415
141c2a (base 15) to base 7
11141062
Convert -267a4c (base 13) to base 6.
-31542325
-16132646 (base 8) to base 3
-20222211002211
Convert 11101112 (base 5) to base 4.
113230020
Convert -1350756 (base 8) to base 9.
-641182
What is -6a849 (base 12) in base 2?
-100010111000111001
1b8429 (base 13) to base 10
703751
-207170 (base 9) to base 10
-123345
-283516 (base 14) to base 9
-2551667
Convert 233546 (base 9) to base 5.
13443130
What is -6657ad (base 15) in base 7?
-56316235
-1113113020 (base 4) to base 15
-71057
What is 3404014 (base 5) in base 16?
e9ec
-1391673 (base 12) to base 3
-21101020200020
Convert 1b18a (base 13) to base 12.
26817
What is -23020120 (base 4) in base 14?
-12888
10010101100100100100 (base 2) to base 3
1011010101112
-101ae (base 16) to base 8
-200656
-174dd (base 15) to base 3
-10211101001
What is -1406b (base 16) in base 11?
-566a0
Convert -3c7097 (base 15) to base 10.
-2909392
-4e3205 (base 16) to base 12
-1871771
What is -1100110000001100111 (base 2) in base 9?
-706217
What is 1770065 (base 11) in base 10?
3001476
Convert -618848 (base 10) to base 4.
-2113011200
What is -310340 (base 5) in base 14?
-3971
-113041 (base 10) to base 8
-334621
Convert 455220 (base 7) to base 5.
10043220
What is 51543524 (base 6) in base 7?
15450436
2245553 (base 6) to base 13
40665
11110001101011100 (base 2) to base 6
2352512
What is 255710 (base 12) in base 2?
1001010100101011